{"id":237816,"date":"2026-02-09T20:34:02","date_gmt":"2026-02-09T19:34:02","guid":{"rendered":"https:\/\/www.sadovka.cz\/?page_id=237816"},"modified":"2026-02-11T07:20:06","modified_gmt":"2026-02-11T06:20:06","slug":"seznam-uchazecu-do-prvnich-trid","status":"publish","type":"page","link":"https:\/\/www.sadovka.cz\/index.php\/seznam-uchazecu-do-prvnich-trid\/","title":{"rendered":"Seznam uchaze\u010d\u016f do prvn\u00edch t\u0159\u00edd"},"content":{"rendered":"<p>[et_pb_section fb_built=&#8220;1&#8243; specialty=&#8220;on&#8220; next_background_color=&#8220;#ffffff&#8220; padding_top_1=&#8220;50px&#8220; padding_top_bottom_link_1=&#8220;false&#8220; padding_left_right_link_1=&#8220;false&#8220; padding_1_tablet=&#8220;0px||||false|false&#8220; padding_1_phone=&#8220;&#8220; padding_1_last_edited=&#8220;on|phone&#8220; admin_label=&#8220;Header&#8220; _builder_version=&#8220;4.25.1&#8243; background_enable_color=&#8220;off&#8220; use_background_color_gradient=&#8220;on&#8220; background_color_gradient_stops=&#8220;#ffffff 0%|rgba(255,255,255,0.52) 100%&#8220; background_color_gradient_overlays_image=&#8220;on&#8220; background_color_gradient_start=&#8220;#ffffff&#8220; background_color_gradient_end=&#8220;rgba(255,255,255,0.52)&#8220; background_image=&#8220;https:\/\/www.sadovka.cz\/wp-content\/uploads\/2024\/03\/pozadi-vlastovka.png&#8220; custom_margin=&#8220;||2px|||&#8220; custom_padding=&#8220;0px||3px|||&#8220; bottom_divider_style=&#8220;wave&#8220; bottom_divider_height=&#8220;200px&#8220; bottom_divider_repeat=&#8220;1.2x&#8220; global_colors_info=&#8220;{}&#8220;][et_pb_column type=&#8220;1_2&#8243; specialty_columns=&#8220;2&#8243; _builder_version=&#8220;4.16&#8243; custom_padding=&#8220;|||&#8220; global_colors_info=&#8220;{}&#8220; custom_padding__hover=&#8220;|||&#8220;][et_pb_row_inner _builder_version=&#8220;4.16&#8243; min_height=&#8220;245px&#8220; custom_margin=&#8220;||||false|false&#8220; custom_margin_last_edited=&#8220;off|tablet&#8220; custom_padding=&#8220;||0px|||&#8220; global_colors_info=&#8220;{}&#8220;][et_pb_column_inner saved_specialty_column_type=&#8220;1_2&#8243; _builder_version=&#8220;4.16&#8243; global_colors_info=&#8220;{}&#8220;][et_pb_divider color=&#8220;#f9ce6e&#8220; divider_position=&#8220;center&#8220; divider_weight=&#8220;1px&#8220; _builder_version=&#8220;4.16&#8243; width=&#8220;120px&#8220; height=&#8220;7px&#8220; box_shadow_style=&#8220;preset7&#8243; box_shadow_horizontal=&#8220;40px&#8220; box_shadow_vertical=&#8220;0px&#8220; box_shadow_color=&#8220;#f9ce6e&#8220; locked=&#8220;off&#8220; global_colors_info=&#8220;{}&#8220;][\/et_pb_divider][et_pb_text _builder_version=&#8220;4.16&#8243; header_4_font=&#8220;PT Sans|700||on|||||&#8220; header_4_text_color=&#8220;#ffc107&#8243; header_4_font_size=&#8220;11px&#8220; header_4_letter_spacing=&#8220;1px&#8220; custom_margin=&#8220;-51px|||130px|false|false&#8220; custom_padding=&#8220;||||false|false&#8220; locked=&#8220;off&#8220; global_colors_info=&#8220;{}&#8220;]<\/p>\n<h4>Na\u0161i budouc\u00ed prv\u0148\u00e1\u010dci<\/h4>\n<p>[\/et_pb_text][et_pb_text _builder_version=&#8220;4.27.4&#8243; text_font=&#8220;PT Sans||||||||&#8220; text_line_height=&#8220;1.8em&#8220; header_font=&#8220;Playfair Display|700|||||||&#8220; header_font_size=&#8220;60px&#8220; header_line_height=&#8220;1.1em&#8220; header_font_size_tablet=&#8220;40px&#8220; header_font_size_phone=&#8220;30px&#8220; header_font_size_last_edited=&#8220;on|phone&#8220; global_colors_info=&#8220;{}&#8220;]<\/p>\n<h1>\u00a0Seznam uchaze\u010d\u016f<br \/>do prvn\u00edch t\u0159\u00edd\u00a0<\/h1>\n<p>[\/et_pb_text][et_pb_text _builder_version=&#8220;4.27.4&#8243; _module_preset=&#8220;default&#8220; hover_enabled=&#8220;0&#8243; sticky_enabled=&#8220;0&#8243;]<\/p>\n<h2>pro \u0161koln\u00ed rok 2026\/27<\/h2>\n<p>[\/et_pb_text][\/et_pb_column_inner][\/et_pb_row_inner][et_pb_row_inner _builder_version=&#8220;4.16&#8243; _module_preset=&#8220;default&#8220; custom_padding=&#8220;0px||6px|||&#8220; global_colors_info=&#8220;{}&#8220;][et_pb_column_inner saved_specialty_column_type=&#8220;1_2&#8243; _builder_version=&#8220;4.16&#8243; _module_preset=&#8220;default&#8220; global_colors_info=&#8220;{}&#8220;][et_pb_text _builder_version=&#8220;4.27.4&#8243; _module_preset=&#8220;default&#8220; text_font=&#8220;PT Sans||||||||&#8220; custom_padding=&#8220;31px|||||&#8220; hover_enabled=&#8220;0&#8243; global_colors_info=&#8220;{}&#8220; sticky_enabled=&#8220;0&#8243;]<\/p>\n<p><span>D\u011bkujeme, \u017ee jste si pro vzd\u011bl\u00e1v\u00e1n\u00ed va\u0161ich d\u011bt\u00ed vybrali Sadovku. Va\u0161e volba je pro n\u00e1s velk\u00e1 radost a z\u00e1vazek z\u00e1rove\u0148. <\/span><span><\/span><\/p>\n<p>N\u00ed\u017ee naleznete seznam uchaze\u010d\u016f do 1. t\u0159\u00edd pro \u0161koln\u00ed rok <strong data-start=\"778\" data-end=\"791\">2026\/2027<\/strong>, veden\u00fd pod registra\u010dn\u00edmi \u010d\u00edsly p\u0159id\u011blen\u00fdmi u z\u00e1pisu.<\/p>\n<p>[\/et_pb_text][\/et_pb_column_inner][\/et_pb_row_inner][\/et_pb_column][et_pb_column type=&#8220;1_2&#8243; _builder_version=&#8220;4.16&#8243; custom_padding=&#8220;|||&#8220; global_colors_info=&#8220;{}&#8220; custom_padding__hover=&#8220;|||&#8220;][et_pb_image src=&#8220;https:\/\/www.sadovka.cz\/wp-content\/uploads\/2024\/03\/panacek-s-knihou.png&#8220; title_text=&#8220;panacek s knihou&#8220; _builder_version=&#8220;4.25.1&#8243; _module_preset=&#8220;default&#8220; global_colors_info=&#8220;{}&#8220;][\/et_pb_image][\/et_pb_column][\/et_pb_section][et_pb_section fb_built=&#8220;1&#8243; _builder_version=&#8220;4.27.4&#8243; _module_preset=&#8220;default&#8220; global_colors_info=&#8220;{}&#8220; custom_padding=&#8220;10px|||||&#8220;][et_pb_row _builder_version=&#8220;4.27.4&#8243; _module_preset=&#8220;default&#8220; hover_enabled=&#8220;0&#8243; global_colors_info=&#8220;{}&#8220; column_structure=&#8220;1_2,1_2&#8243; sticky_enabled=&#8220;0&#8243;][et_pb_column type=&#8220;1_2&#8243; _builder_version=&#8220;4.27.4&#8243; _module_preset=&#8220;default&#8220; global_colors_info=&#8220;{}&#8220;][et_pb_text _builder_version=&#8220;4.27.4&#8243; _module_preset=&#8220;default&#8220; hover_enabled=&#8220;0&#8243; global_colors_info=&#8220;{}&#8220; sticky_enabled=&#8220;0&#8243;]<\/p>\n<table width=\"559\">\n<tbody>\n<tr>\n<td rowspan=\"3\" width=\"89\">registra\u010dn\u00ed \u010d\u00edslo<\/td>\n<td rowspan=\"3\" width=\"85\">sp\u00e1dov\u00e1 oblast 5\/1\/0<\/td>\n<td colspan=\"2\" width=\"146\">sourozenec<\/td>\n<td rowspan=\"3\" width=\"112\">po\u010det bod\u016f celkem<\/td>\n<td width=\"127\" rowspan=\"2\">rozhodnut\u00ed o p\u0159ijet\u00ed<\/td>\n<\/tr>\n<tr>\n<td>po\u010det<\/td>\n<td>body<\/td>\n<\/tr>\n<tr>\n<td><\/td>\n<td><\/td>\n<td><\/td>\n<\/tr>\n<tr>\n<td><\/td>\n<td width=\"85\"><\/td>\n<td><\/td>\n<td><\/td>\n<td width=\"112\"><\/td>\n<td><\/td>\n<\/tr>\n<tr>\n<td>202627069<\/td>\n<td>5<\/td>\n<td>2<\/td>\n<td>4<\/td>\n<td>9<\/td>\n<td>p\u0159ijat\/a<\/td>\n<\/tr>\n<tr>\n<td>20262701<\/td>\n<td>5<\/td>\n<td>1<\/td>\n<td>2<\/td>\n<td>7<\/td>\n<td>p\u0159ijat\/a<\/td>\n<\/tr>\n<tr>\n<td>202627022<\/td>\n<td>5<\/td>\n<td>1<\/td>\n<td>2<\/td>\n<td>7<\/td>\n<td>p\u0159ijat\/a<\/td>\n<\/tr>\n<tr>\n<td>202627029<\/td>\n<td>5<\/td>\n<td>1<\/td>\n<td>2<\/td>\n<td>7<\/td>\n<td>p\u0159ijat\/a<\/td>\n<\/tr>\n<tr>\n<td>202627030<\/td>\n<td>5<\/td>\n<td>1<\/td>\n<td>2<\/td>\n<td>7<\/td>\n<td>p\u0159ijat\/a<\/td>\n<\/tr>\n<tr>\n<td>202627035<\/td>\n<td>5<\/td>\n<td>1<\/td>\n<td>2<\/td>\n<td>7<\/td>\n<td>p\u0159ijat\/a<\/td>\n<\/tr>\n<tr>\n<td>202627036<\/td>\n<td>5<\/td>\n<td>1<\/td>\n<td>2<\/td>\n<td>7<\/td>\n<td>p\u0159ijat\/a<\/td>\n<\/tr>\n<tr>\n<td>202627039<\/td>\n<td>5<\/td>\n<td>1<\/td>\n<td>2<\/td>\n<td>7<\/td>\n<td>p\u0159ijat\/a<\/td>\n<\/tr>\n<tr>\n<td>202627042<\/td>\n<td>5<\/td>\n<td>1<\/td>\n<td>2<\/td>\n<td>7<\/td>\n<td>p\u0159ijat\/a<\/td>\n<\/tr>\n<tr>\n<td>202627044<\/td>\n<td>5<\/td>\n<td>1<\/td>\n<td>2<\/td>\n<td>7<\/td>\n<td>p\u0159ijat\/a<\/td>\n<\/tr>\n<tr>\n<td>202627055<\/td>\n<td>5<\/td>\n<td>1<\/td>\n<td>2<\/td>\n<td>7<\/td>\n<td>p\u0159ijat\/a<\/td>\n<\/tr>\n<tr>\n<td>20262702<\/td>\n<td>5<\/td>\n<td>0<\/td>\n<td>0<\/td>\n<td>5<\/td>\n<td>p\u0159ijat\/a<\/td>\n<\/tr>\n<tr>\n<td>20262706<\/td>\n<td>5<\/td>\n<td>0<\/td>\n<td>0<\/td>\n<td>5<\/td>\n<td>p\u0159ijat\/a<\/td>\n<\/tr>\n<tr>\n<td>20262707<\/td>\n<td>5<\/td>\n<td>0<\/td>\n<td>0<\/td>\n<td>5<\/td>\n<td>p\u0159ijat\/a<\/td>\n<\/tr>\n<tr>\n<td>202627012<\/td>\n<td>5<\/td>\n<td>0<\/td>\n<td>0<\/td>\n<td>5<\/td>\n<td>p\u0159ijat\/a<\/td>\n<\/tr>\n<tr>\n<td>202627013<\/td>\n<td>5<\/td>\n<td>0<\/td>\n<td>0<\/td>\n<td>5<\/td>\n<td>p\u0159ijat\/a<\/td>\n<\/tr>\n<tr>\n<td>202627015<\/td>\n<td>5<\/td>\n<td>0<\/td>\n<td>0<\/td>\n<td>5<\/td>\n<td>p\u0159ijat\/a<\/td>\n<\/tr>\n<tr>\n<td>202627017<\/td>\n<td>5<\/td>\n<td>0<\/td>\n<td>0<\/td>\n<td>5<\/td>\n<td>p\u0159ijat\/a<\/td>\n<\/tr>\n<tr>\n<td>202627020<\/td>\n<td>5<\/td>\n<td>0<\/td>\n<td>0<\/td>\n<td>5<\/td>\n<td>p\u0159ijat\/a<\/td>\n<\/tr>\n<tr>\n<td>202627021<\/td>\n<td>5<\/td>\n<td>0<\/td>\n<td>0<\/td>\n<td>5<\/td>\n<td>p\u0159ijat\/a<\/td>\n<\/tr>\n<tr>\n<td>202627023<\/td>\n<td>5<\/td>\n<td>0<\/td>\n<td>0<\/td>\n<td>5<\/td>\n<td>p\u0159ijat\/a<\/td>\n<\/tr>\n<tr>\n<td>202627024<\/td>\n<td>5<\/td>\n<td>0<\/td>\n<td>0<\/td>\n<td>5<\/td>\n<td>p\u0159ijat\/a<\/td>\n<\/tr>\n<tr>\n<td>202627025<\/td>\n<td>5<\/td>\n<td>0<\/td>\n<td>0<\/td>\n<td>5<\/td>\n<td>p\u0159ijat\/a<\/td>\n<\/tr>\n<tr>\n<td>202627026<\/td>\n<td>5<\/td>\n<td>0<\/td>\n<td>0<\/td>\n<td>5<\/td>\n<td>p\u0159ijat\/a<\/td>\n<\/tr>\n<tr>\n<td>202627028<\/td>\n<td>5<\/td>\n<td>0<\/td>\n<td>0<\/td>\n<td>5<\/td>\n<td>p\u0159ijat\/a<\/td>\n<\/tr>\n<tr>\n<td>202627040<\/td>\n<td>5<\/td>\n<td>0<\/td>\n<td>0<\/td>\n<td>5<\/td>\n<td>p\u0159ijat\/a<\/td>\n<\/tr>\n<tr>\n<td>202627043<\/td>\n<td>5<\/td>\n<td>0<\/td>\n<td>0<\/td>\n<td>5<\/td>\n<td>p\u0159ijat\/a<\/td>\n<\/tr>\n<tr>\n<td>202627045<\/td>\n<td>5<\/td>\n<td>0<\/td>\n<td>0<\/td>\n<td>5<\/td>\n<td>p\u0159ijat\/a<\/td>\n<\/tr>\n<tr>\n<td>202627046<\/td>\n<td>5<\/td>\n<td>0<\/td>\n<td>0<\/td>\n<td>5<\/td>\n<td>p\u0159ijat\/a<\/td>\n<\/tr>\n<tr>\n<td>202627047<\/td>\n<td>5<\/td>\n<td>0<\/td>\n<td>0<\/td>\n<td>5<\/td>\n<td>p\u0159ijat\/a<\/td>\n<\/tr>\n<tr>\n<td>202627048<\/td>\n<td>5<\/td>\n<td>0<\/td>\n<td>0<\/td>\n<td>5<\/td>\n<td>p\u0159ijat\/a<\/td>\n<\/tr>\n<tr>\n<td>202627060<\/td>\n<td>5<\/td>\n<td>0<\/td>\n<td>0<\/td>\n<td>5<\/td>\n<td>p\u0159ijat\/a<\/td>\n<\/tr>\n<tr>\n<td>202627061<\/td>\n<td>5<\/td>\n<td>0<\/td>\n<td>0<\/td>\n<td>5<\/td>\n<td>p\u0159ijat\/a<\/td>\n<\/tr>\n<tr>\n<td>202627064<\/td>\n<td>5<\/td>\n<td>0<\/td>\n<td>0<\/td>\n<td>5<\/td>\n<td>p\u0159ijat\/a<\/td>\n<\/tr>\n<tr>\n<td>202627065<\/td>\n<td>5<\/td>\n<td>0<\/td>\n<td>0<\/td>\n<td>5<\/td>\n<td>p\u0159ijat\/a<\/td>\n<\/tr>\n<tr>\n<td>202627066<\/td>\n<td>5<\/td>\n<td>0<\/td>\n<td>0<\/td>\n<td>5<\/td>\n<td>p\u0159ijat\/a<\/td>\n<\/tr>\n<tr>\n<td>202627067<\/td>\n<td>5<\/td>\n<td>0<\/td>\n<td>0<\/td>\n<td>5<\/td>\n<td>p\u0159ijat\/a<\/td>\n<\/tr>\n<tr>\n<td>202627070<\/td>\n<td>5<\/td>\n<td>0<\/td>\n<td>0<\/td>\n<td>5<\/td>\n<td>p\u0159ijat\/a<\/td>\n<\/tr>\n<tr>\n<td>202627071<\/td>\n<td>5<\/td>\n<td>0<\/td>\n<td>0<\/td>\n<td>5<\/td>\n<td>p\u0159ijat\/a<\/td>\n<\/tr>\n<tr>\n<td>202627072<\/td>\n<td>5<\/td>\n<td>0<\/td>\n<td>0<\/td>\n<td>5<\/td>\n<td>p\u0159ijat\/a<\/td>\n<\/tr>\n<tr>\n<td>202627073<\/td>\n<td>5<\/td>\n<td>0<\/td>\n<td>0<\/td>\n<td>5<\/td>\n<td>p\u0159ijat\/a<\/td>\n<\/tr>\n<tr>\n<td>202627074<\/td>\n<td>5<\/td>\n<td>0<\/td>\n<td>0<\/td>\n<td>5<\/td>\n<td>p\u0159ijat\/a<\/td>\n<\/tr>\n<tr>\n<td>202627075<\/td>\n<td>5<\/td>\n<td>0<\/td>\n<td>0<\/td>\n<td>5<\/td>\n<td>p\u0159ijat\/a<\/td>\n<\/tr>\n<tr>\n<td>202627031<\/td>\n<td>0<\/td>\n<td>2<\/td>\n<td>4<\/td>\n<td>4<\/td>\n<td>p\u0159ijat\/a<\/td>\n<\/tr>\n<tr>\n<td>202627033<\/td>\n<td>0<\/td>\n<td>2<\/td>\n<td>4<\/td>\n<td>4<\/td>\n<td>p\u0159ijat\/a<\/td>\n<\/tr>\n<tr>\n<td>202627059<\/td>\n<td>0<\/td>\n<td>2<\/td>\n<td>4<\/td>\n<td>4<\/td>\n<td>p\u0159ijat\/a<\/td>\n<\/tr>\n<tr>\n<td>202627062<\/td>\n<td>0<\/td>\n<td>2<\/td>\n<td>4<\/td>\n<td>4<\/td>\n<td>p\u0159ijat\/a<\/td>\n<\/tr>\n<tr>\n<td>202627019<\/td>\n<td>1<\/td>\n<td>0<\/td>\n<td>2<\/td>\n<td>3<\/td>\n<td>p\u0159ijat\/a<\/td>\n<\/tr>\n<tr>\n<td>202627050<\/td>\n<td>1<\/td>\n<td>1<\/td>\n<td>2<\/td>\n<td>3<\/td>\n<td>p\u0159ijat\/a<\/td>\n<\/tr>\n<tr>\n<td>202627058<\/td>\n<td>1<\/td>\n<td>1<\/td>\n<td>2<\/td>\n<td>3<\/td>\n<td>p\u0159ijat\/a<\/td>\n<\/tr>\n<tr>\n<td>202627068<\/td>\n<td>1<\/td>\n<td>1<\/td>\n<td>2<\/td>\n<td>3<\/td>\n<td>p\u0159ijat\/a<\/td>\n<\/tr>\n<tr>\n<td>20262709<\/td>\n<td>0<\/td>\n<td>1<\/td>\n<td>2<\/td>\n<td>2<\/td>\n<td>p\u0159ijat\/a<\/td>\n<\/tr>\n<tr>\n<td>202627010<\/td>\n<td>0<\/td>\n<td>1<\/td>\n<td>2<\/td>\n<td>2<\/td>\n<td>p\u0159ijat\/a<\/td>\n<\/tr>\n<tr>\n<td>202627014<\/td>\n<td>0<\/td>\n<td>1<\/td>\n<td>2<\/td>\n<td>2<\/td>\n<td>p\u0159ijat\/a<\/td>\n<\/tr>\n<tr>\n<td>202627027<\/td>\n<td>0<\/td>\n<td>1<\/td>\n<td>2<\/td>\n<td>2<\/td>\n<td>p\u0159ijat\/a<\/td>\n<\/tr>\n<tr>\n<td>202627032<\/td>\n<td>0<\/td>\n<td>1<\/td>\n<td>2<\/td>\n<td>2<\/td>\n<td>p\u0159ijat\/a<\/td>\n<\/tr>\n<tr>\n<td>202627034<\/td>\n<td>0<\/td>\n<td>1<\/td>\n<td>2<\/td>\n<td>2<\/td>\n<td>p\u0159ijat\/a<\/td>\n<\/tr>\n<tr>\n<td>202627056<\/td>\n<td>0<\/td>\n<td>1<\/td>\n<td>2<\/td>\n<td>2<\/td>\n<td>p\u0159ijat\/a<\/td>\n<\/tr>\n<tr>\n<td>202627057<\/td>\n<td>0<\/td>\n<td>1<\/td>\n<td>2<\/td>\n<td>2<\/td>\n<td>p\u0159ijat\/a<\/td>\n<\/tr>\n<tr>\n<td>202627063<\/td>\n<td>0<\/td>\n<td>1<\/td>\n<td>2<\/td>\n<td>2<\/td>\n<td>p\u0159ijat\/a<\/td>\n<\/tr>\n<tr>\n<td><\/td>\n<td><\/td>\n<td><\/td>\n<td><\/td>\n<td><\/td>\n<td><\/td>\n<\/tr>\n<tr>\n<td>20262703<\/td>\n<td>1<\/td>\n<td>0<\/td>\n<td>0<\/td>\n<td>1<\/td>\n<td>nep\u0159ijat\/a<\/td>\n<\/tr>\n<tr>\n<td>20262705<\/td>\n<td>1<\/td>\n<td>0<\/td>\n<td>0<\/td>\n<td>1<\/td>\n<td>nep\u0159ijat\/a<\/td>\n<\/tr>\n<tr>\n<td>202627037<\/td>\n<td>1<\/td>\n<td>0<\/td>\n<td>0<\/td>\n<td>1<\/td>\n<td>nep\u0159ijat\/a<\/td>\n<\/tr>\n<tr>\n<td>202627038<\/td>\n<td>1<\/td>\n<td>0<\/td>\n<td>0<\/td>\n<td>1<\/td>\n<td>nep\u0159ijat\/a<\/td>\n<\/tr>\n<tr>\n<td>202627051<\/td>\n<td>1<\/td>\n<td>0<\/td>\n<td>0<\/td>\n<td>1<\/td>\n<td>nep\u0159ijat\/a<\/td>\n<\/tr>\n<tr>\n<td>20262704<\/td>\n<td>0<\/td>\n<td>0<\/td>\n<td>0<\/td>\n<td>0<\/td>\n<td>nep\u0159ijat\/a<\/td>\n<\/tr>\n<tr>\n<td>20262708<\/td>\n<td>0<\/td>\n<td>0<\/td>\n<td>0<\/td>\n<td>0<\/td>\n<td>nep\u0159ijat\/a<\/td>\n<\/tr>\n<tr>\n<td>202627011<\/td>\n<td>0<\/td>\n<td>0<\/td>\n<td>0<\/td>\n<td>0<\/td>\n<td>nep\u0159ijat\/a<\/td>\n<\/tr>\n<tr>\n<td>202627016<\/td>\n<td>0<\/td>\n<td>0<\/td>\n<td>0<\/td>\n<td>0<\/td>\n<td>nep\u0159ijat\/a<\/td>\n<\/tr>\n<tr>\n<td>202627018<\/td>\n<td>0<\/td>\n<td>0<\/td>\n<td>0<\/td>\n<td>0<\/td>\n<td>nep\u0159ijat\/a<\/td>\n<\/tr>\n<tr>\n<td>202627041<\/td>\n<td>0<\/td>\n<td>0<\/td>\n<td>0<\/td>\n<td>0<\/td>\n<td>nep\u0159ijat\/a<\/td>\n<\/tr>\n<tr>\n<td>202627052<\/td>\n<td>0<\/td>\n<td>0<\/td>\n<td>0<\/td>\n<td>0<\/td>\n<td>nep\u0159ijat\/a<\/td>\n<\/tr>\n<tr>\n<td>202627053<\/td>\n<td>0<\/td>\n<td>0<\/td>\n<td>0<\/td>\n<td>0<\/td>\n<td>nep\u0159ijat\/a<\/td>\n<\/tr>\n<tr>\n<td><\/td>\n<td><\/td>\n<td><\/td>\n<td><\/td>\n<td><\/td>\n<td><\/td>\n<\/tr>\n<tr>\n<td>202627054<\/td>\n<td>1<\/td>\n<td>0<\/td>\n<td>0<\/td>\n<td>1<\/td>\n<td>nep\u0159ijat\/a \u017e\u00e1dost o odklad<\/td>\n<\/tr>\n<\/tbody>\n<\/table>\n<p>[\/et_pb_text][\/et_pb_column][et_pb_column type=&#8220;1_2&#8243; _builder_version=&#8220;4.27.4&#8243; _module_preset=&#8220;default&#8220; global_colors_info=&#8220;{}&#8220;][\/et_pb_column][\/et_pb_row][\/et_pb_section][et_pb_section fb_built=&#8220;1&#8243; custom_padding_last_edited=&#8220;off|tablet&#8220; admin_label=&#8220;Footer&#8220; _builder_version=&#8220;4.22.1&#8243; background_image=&#8220;https:\/\/www.sadovka.cz\/wp-content\/uploads\/2021\/03\/paticka.png&#8220; background_position=&#8220;bottom_center&#8220; custom_padding=&#8220;||16vw||false|false&#8220; custom_padding_tablet=&#8220;||||false|false&#8220; global_colors_info=&#8220;{}&#8220;][\/et_pb_section]<\/p>\n","protected":false},"excerpt":{"rendered":"<p>Na\u0161i budouc\u00ed prv\u0148\u00e1\u010dci\u00a0Seznam uchaze\u010d\u016fdo prvn\u00edch t\u0159\u00edd\u00a0pro \u0161koln\u00ed rok 2026\/27D\u011bkujeme, \u017ee jste si pro vzd\u011bl\u00e1v\u00e1n\u00ed va\u0161ich d\u011bt\u00ed vybrali Sadovku. Va\u0161e volba je pro n\u00e1s velk\u00e1 radost a z\u00e1vazek z\u00e1rove\u0148. N\u00ed\u017ee naleznete seznam uchaze\u010d\u016f do 1. t\u0159\u00edd pro \u0161koln\u00ed rok 2026\/2027, veden\u00fd pod registra\u010dn\u00edmi \u010d\u00edsly p\u0159id\u011blen\u00fdmi u z\u00e1pisu. registra\u010dn\u00ed \u010d\u00edslo sp\u00e1dov\u00e1 oblast 5\/1\/0 sourozenec po\u010det bod\u016f celkem [&hellip;]<\/p>\n","protected":false},"author":2,"featured_media":0,"parent":0,"menu_order":0,"comment_status":"closed","ping_status":"closed","template":"","meta":{"_et_pb_use_builder":"on","_et_pb_old_content":"","_et_gb_content_width":"","footnotes":""},"class_list":["post-237816","page","type-page","status-publish","hentry"],"jetpack_sharing_enabled":true,"jetpack_shortlink":"https:\/\/wp.me\/PacQUf-ZRK","_links":{"self":[{"href":"https:\/\/www.sadovka.cz\/index.php\/wp-json\/wp\/v2\/pages\/237816","targetHints":{"allow":["GET"]}}],"collection":[{"href":"https:\/\/www.sadovka.cz\/index.php\/wp-json\/wp\/v2\/pages"}],"about":[{"href":"https:\/\/www.sadovka.cz\/index.php\/wp-json\/wp\/v2\/types\/page"}],"author":[{"embeddable":true,"href":"https:\/\/www.sadovka.cz\/index.php\/wp-json\/wp\/v2\/users\/2"}],"replies":[{"embeddable":true,"href":"https:\/\/www.sadovka.cz\/index.php\/wp-json\/wp\/v2\/comments?post=237816"}],"version-history":[{"count":4,"href":"https:\/\/www.sadovka.cz\/index.php\/wp-json\/wp\/v2\/pages\/237816\/revisions"}],"predecessor-version":[{"id":237822,"href":"https:\/\/www.sadovka.cz\/index.php\/wp-json\/wp\/v2\/pages\/237816\/revisions\/237822"}],"wp:attachment":[{"href":"https:\/\/www.sadovka.cz\/index.php\/wp-json\/wp\/v2\/media?parent=237816"}],"curies":[{"name":"wp","href":"https:\/\/api.w.org\/{rel}","templated":true}]}}